f -1 + (-1 - 0 - -6)?
4
Evaluate -1 + (-2 - (-3 + -1)) - 3.
-2
Evaluate (-22 - -16) + (-1 - (2 + -4)).
-5
What is the value of -1 + (-12 - -15) - -5?
7
What is (-1 - -1) + -7 + 10 + -7?
-4
What is the value of (-20 - -7) + 3 + 3 - -16?
9
0 + -1 + -2 - (-7 + 0)
4
Calculate -9 + (4 - (13 + -9)).
-9
12 + 0 + (-40 - -26)
-2
0 + (1 - (1 - 5))
5
-3 + 0 + -2 + (9 - 7)
-3
What is 5 - 0 - (0 + 3)?
2
What is (10 - 7) + -3 + 1?
1
What is 6 + (-1 - 0) + -11?
-6
What is (-1 - 1) + -2 + -1 + 5?
0
What is the value of 2 - 1 - (-8 + 3 - -3)?
3
Evaluate -11 + (13 + -4 - 3).
-5
What is the value of -7 + (5 + -5 - 5 - -8)?
-4
Evaluate -3 - (-5 + 1 - (-34 - -40)).
7
-2 - -2 - (-1 + 5 + -1)
-3
What is the value of 7 + (-10 - -17) - 9?
5
Calculate 10 + 0 - (7 + 0).
3
Calculate 5 - (11 + -3) - (2 + -11).
6
Evaluate 8 - 12 - (-2 + 2).
-4
What is the value of -1 - -1 - ((5 - 6) + -3)?
4
What is the value of 3 - 2 - (19 - 23)?
5
(9 - 6) + -1 + 1
3
What is the value of -2 - (-2 + -2 + 7)?
-5
9 - (4 - -1) - 4
0
What is 12 + -3 - 2 - 2?
5
What is (-15 - -11) + (7 - (1 - 2))?
4
Calculate 2 + 0 - -2 - (-5 - -7).
2
-5 + (1 - (-1 - 2))
-1
What is -1 + -1 + (7 - 9)?
-4
What is (1 - (12 - (8 + -4))) + 8?
1
Calculate -2 - ((-5 - -6) + -2) - 6.
-7
Calculate -7 - (1 - -2 - 18).
8
What is the value of (3 - 4) + -9 - -16?
6
What is the value of -2 - ((-4 - 0) + 0) - 0?
2
What is the value of (-6 - (-6 - 1)) + 2 - 1?
2
Evaluate -2 + 6 - (30 - 32).
6
What is the value of 3 + (-1 - -1) + (-19 - -11)?
-5
What is the value of 0 + (-1 - -1) + -2?
-2
(13 - (6 + 2 + -3)) + -5
3
Evaluate 0 - 2 - (-10 + 13).
-5
Evaluate -8 + 2 + 4 + -4.
-6
3 + -3 + -1 - (10 + -12)
1
What is the value of 4 + 1 - (-2 - (-8 - -9))?
8
What is 6 + 0 + -2 + -6?
-2
What is the value of 2 - -10 - (10 - 3)?
5
Calculate -8 - (0 - -1 - 6) - -1.
-2
What is the value of -1 + (-1 - (-6 - -3) - 0)?
1
What is -5 + (-2 - -5 - 0) - -7?
5
Calculate 21 - 28 - (-4 - (2 + -4)).
-5
What is 0 + -2 - (-9 + 6)?
1
Calculate (3 - 6 - (-3 + 5)) + 5.
0
Evaluate 2 + 0 + (-2 - -9) + -5.
4
What is -6 - (6 + -13 - -3)?
-2
-3 + (5 - (2 - (-3 - -5)))
2
Calculate 7 + (-6 - -2 - 4).
-1
Evaluate -3 - (7 + -13 + -1).
4
Calculate -1 + -2 + 2 + -1 + 1.
-1
Evaluate (-13 - -12) + 8 + -3.
4
What is the value of -3 - (0 + -3 + (-3 - -7))?
-4
7 - 8 - (-1 - -3)
-3
What is the value of -7 + (12 - (-11 + 11))?
5
What is -4 - -4 - 4 - (-7 + 5)?
-2
1 - -5 - (-54 - -61)
-1
Calculate 3 + -8 + (12 - 15).
-8
Evaluate (-8 + 4 - -4) + -19 + 26.
7
What is the value of -8 + -2 + 4 + -36 + 40?
-2
What is the value of (0 + 0 - -3) + -4 + 6?
5
Calculate -4 + 8 + -1 + 2 + 0.
5
(0 - 0) + (-33 - -38)
5
(-15 - -14) + -10 + 19
8
Calculate 1 - -1 - (7 + (8 - 9)).
-4
2 + (0 - -5) - 6
1
Calculate 1 - (8 + 7 - 25).
11
What is the value of (-8 - (12 - 14)) + 8?
2
What is (-1 + (-3 - -7) - 3) + 0?
0
What is -20 + 13 + 16 + -15?
-6
Calculate 0 - (11 + 1 - 5).
-7
Evaluate (1 - -3) + 1 + (26 - 25).
6
What is the value of 2 + -3 + 5 + -3?
1
Evaluate 1 + 0 + 24 + -20.
5
Evaluate 4 + -2 - (-3 + -1 + 3).
3
Calculate (-2 - 1) + 0 + 5.
2
What is 0 + -3 - 0 - -1?
-2
Evaluate 0 + (0 + 7 + -3 - 8).
-4
What is (3 - 10 - 0) + (0 - -6)?
-1
Calculate -1 + -5 + (18 - 12).
0
What is the value of (3 - -1 - 3) + -2 + 0?
-1
8 - (15 - 7) - (-7 + 1)
6
Calculate (-9 - -8) + -2 + 0.
-3
What is -11 - ((-11 - 5) + 1)?
4
4 - (-4 - (-6 - 1 - 0))
1
What is the value of 0 - (5 + -2) - -6?
3
-8 + 6 + (12 - 8) + 7
9
1 - ((-1 - 0) + -3)
5
Evaluate -1 - (-14 - (-8 - 1)).
4
Evaluate (8 - 3) + (1 + -2 - 6).
-2
What is -10 - (-6 + 1 + -6)?
1
What is the value of 3 - (-4 + -2 - (-9 + 2))?
2
Calculate 2 + 10 + -6 + -13.
-7
What is (-2 - -6) + 2 - (0 - -5)?
1
6 + -8 - -3 - (0 + -1)
2
(9 - (-16 - -9)) + -9
7
-5 - (-7 - (-2 - -2))
2
Evaluate 6 + (6 - 10) - (2 - -3).
-3
What is the value of 2 - (0 + -3 + -1 + 9)?
-3
Evaluate 0 + -1 + -19 + 20.
0
What is the value of 0 - (2 + -10 - -4)?
4
What is 7 - (10 + -10) - (5 + 1)?
1
Calculate 62 + -64 + 1 + 2.
1
-2 + (3 - 2) + 2 + 4
5
What is (0 - -2) + (2 - 4 - 1)?
-1
Calculate -1 + 7 + (10 - 15).
1
Evaluate (-27 - -27) + -3 + 12.
9
Calculate 14 - 6 - (-8 - -9).
7
Calculate 26 + -22 + (4 - (2 + 2)).
4
Evaluate 2 - (6 + (-6 - -4)).
-2
Calculate 3 - (-2 + (0 - -6)).
-1
What is the value of 1 + -6 + (-14 - -16)?
-3
What is 1 - (-12 - -4 - -4) - -1?
6
What is 11 + (-1 - (13 - 5))?
2
8 - (0 - -2) - 9
-3
Calculate -3 + 6 + (-2 - -1).
2
Evaluate 3 - (4 + -3 - -5).
-3
What is the value of 6 - 11 - (-1 + 1)?
-5
What is -1 + (-5 - (-3 + -2))?
-1
(-4 - (4 + -8)) + 7
7
Evaluate -4 - (4 + -5) - (-13 - -11).
-1
-4 + (0 - (-3 - -5)) + 6
0
What is 6 - (2 - (-4 + 2))?
2
Evaluate -6 - (7 - 5 - 8).
0
Calculate -1 - (-3 + 0 - 3).
5
(-4 - 0 - (1 - 1)) + 4
0
-1 - (3 - (4 - 4))
-4
What is the value of (-9 - (-7 + 0)) + 1?
-1
16 + -12 - (-4 + 3 - -2)
3
Evaluate 5 + (-2 - -2 - 1).
4
What is -3 + 1 - (7 - 4 - 4)?
-1
What is (-36 + 13 - -10) + 19?
6
Calculate -5 + 0 + 10 + -5 - -3.
3
What is the value of -1 + -9 + 4 - -4?
-2
What is 11 - 4 - (2 - -1)?
4
What is the value of 4 + (5 - (8 + 2))?
-1
Calculate 11 + (-4 - 7) - (-6 - -2).
4
Evaluate 0 + -9 + 4 - -8.
3
0 - (0 + -3) - -1
4
Calculate 0 + (-1 - -2 - (13 - 7)).
-5
Evaluate -15 + 5 - -8 - (3 + 1).
-6
What is (-4 - -1) + -25 + 25?
-3
What is (5 - 3 - 5) + 0?
-3
2 - -1 - (-3 + 22 + -14)
-2
Calculate 3 - (-4 + 0 - (-6 - -3)).
4
Calculate 3 - (-4 - 0 - -5).
2
Calculate (-2 + 4 - 1) + 0 + 3.
4
-1 - (-6 + (1 - -6))
-2
What is -9 + 5 + 4 - (2 - 0)?
-2
Calculate 3 + 4 + -22 + 10.
-5
-4 + 0 - (-10 - -6)
0
Evaluate -5 - (5 + (3 - -3 - 13)).
-3
Evaluate 8 - (6 - 2) - 4.
0
Calculate 1 + -4 + -2 + 6 + -9.
-8
What is the value of -3 - (-4 - (-6 + 2))?
-3
Evaluate 6 - 0 - (9 + -6).
3
4 - 0 - (12 - 1)
-7
Evaluate (-19 - -7) + 10 + -4.
-6
Calculate -4 - -2 - (-3 + 3 + -2).
0
What is -1 + (-3 - (-1 + -3 + 2))?
-2
What is 0 + 2 - (-5 - -3)?
4
Calculate 7 + 1 - ((11 - -2) + -8).
3
-8 - (-2 + (4 - 4 - 5))
-1
(5 - 12 - -4) + 0 + 4
1
What is -6 - (2 - 6) - -5?
3
What is the value of (-2 - -2) + 8 + -5 - 7?
-4
Calculate (-1 - 2) + (-9 - -15).
3
What is the value of 0 - -1 - (10 + (9 - 11))?
-7
Calculate -2 - -2 - (2 - (5 + -4)).
-1
Calculate 2 - (14 - 11 - 4).
3
Calculate 4 - 8 - -9 - 0.
5
What is the value of 14 - -1 - 8 - 9?
-2
What is 6 + 1 - (2 + 1)?
4
What is the value of (-16 - -3) + -10 + 19?
-4
Evaluate 10 + (-9 - 3) - 0.
-2
Calculate 29 - 16 - (1 - -6).
6
What is the value of (-1 - -4) + 2 - (-1 + 5)?
1
What is the value of -10 + 17 - (2 + 6)?
-1
Evaluate -7 + (9 - (-3 - -6)).
-1
What is (-7 - -7) + 2 - (-2 - -1)?
3
Calculate 7 + -4 + (-6 - (0 + -3)).
0
Evaluate 6 + (10 + -19 - -5).
2
Calculate 8 + (-10 - (-5 - -2)) - -4.
5
What is the value of -3 - -1 - 1 - (18 - 23)?
2
Evaluate 1 + 2 + (-2 - (0 - -1)).
0
What is the value of 0 - 4 - (-3 - (-1 - 0))?
-2
1 - ((0 - 0 - -1) + 1)
-1
What is the value of (0 - 2) + 11 + -9?
0
(-64 - -59) + (13 - 1)
7
Calculate (2 - 1) + 5 + -11 + 1.
-4
What is the value of -1 - -4 - (3 + -8 + 7)?
1
What is the value of (-1 - (1 - (0 + 3))) + -6?
-5
What is the value of (25 - 32) + (0 - 0) + 4?
-3
What is the value of 0 - -19 - (10 + 0)?
9
Evaluate 9 + -12 + (6 - -2).
5
-6 + (4 - -3 - 3)
-2
Calculate 16 + -10 + -3 + 2 + 3.
8
Calculate 2 - (-2 - -3) - 5.
-4
What is 7 + -14 - (-7 + 0)?
0
Calculate 6 - (-11 - (-3 + -6)).
8
(7 + -2 - (-6 - -10)) + 3
4
What is the value of (-11 - (-3 - 3)) + 0?
-5
Calculate -2 - -6 - (14 + 3 + -9).
-4
-8 + 7 - (-5 + -1 + 3)
2
What is the value of -1 - -8 - (-11 + (-13 - -30))?
1
-2 - (-1 - -6) - (7 - 24)
10
Evaluate 2 + -1 - (3 - (1 - 0)).
-1
2 + 0 + 7 + -52 + 44
1
Calculate 7 + 4 + -7 + -1.
3
What is (1 - -3) + -2 - 1?
1
Evaluate (-4 + 6 - 5) + -1.
-4
-6 - (0 - 8 - -2 - -5)
-5
Evaluate 0 + (-4 + 4 - -5) + -3.
2
Calculate -4 + (1 - 1) + 1 + 1.
-2
What is the value of -27 + 31 - (-3 + 5)?
2
Calculate (0 + 1 + -3 - 2) + 1.
-3
What is 2 - (-2 + 3 + 6)?
-5
Calculate -10 + (-10 - -3 - -14).
-3
Evaluate -9 + 4 + 6 + -4 + -2.
-5
Calculate -8 - -9 - (-9 - -5).
5
What is the value of -3 + 9 - (-35 + 39)?
2
What is 3 - (17 + -10 - -5)?
-9
Evaluate 2 + 0 + (5 + -6 - -3).
4
1 + 0 - (4 - (-1 - -8))
4
What is the value of -3 + (-5 - ((-3 - -5) + -9))?
-1
-4 + (0 - -1) - -2
-1
1 - 7 - (-13 - -9)
-2
-11 + 2 + 56 + -46
1
(-9 -